actor of 3367 and 52771953?
481
Calculate the greatest common divisor of 162 and 28267947.
81
Calculate the highest common factor of 4256208 and 24156.
396
What is the highest common divisor of 446 and 5794655?
223
Calculate the greatest common factor of 67685761 and 11.
11
Calculate the greatest common factor of 6013 and 3171.
7
Calculate the highest common divisor of 8107310 and 50.
10
Calculate the greatest common factor of 280 and 30065560.
280
Calculate the highest common factor of 2587 and 242047.
13
Calculate the highest common factor of 425790 and 71307.
513
What is the highest common factor of 14822800 and 28400?
400
Calculate the highest common divisor of 308497 and 217.
7
What is the highest common factor of 813858 and 269943?
4029
Calculate the highest common divisor of 1316 and 1723678.
94
What is the greatest common divisor of 435629 and 21286?
367
What is the highest common factor of 38729504 and 1504?
1504
What is the highest common divisor of 37467 and 317439?
9
Calculate the greatest common divisor of 2153771 and 3.
1
Calculate the greatest common factor of 15947 and 12025.
37
What is the highest common divisor of 2904 and 8869212?
132
Calculate the greatest common factor of 1605 and 22520076.
321
What is the greatest common factor of 3722 and 254?
2
What is the highest common divisor of 1258 and 307904?
34
Calculate the greatest common factor of 564 and 1526484.
12
Calculate the highest common factor of 411 and 67889391.
411
Calculate the greatest common factor of 534575613 and 13416.
1677
Calculate the highest common factor of 111 and 22012743.
111
Calculate the highest common divisor of 467278452 and 12.
12
What is the highest common divisor of 2379 and 315809?
13
What is the greatest common divisor of 216 and 8265408?
24
Calculate the highest common factor of 139882540 and 19220.
620
What is the highest common factor of 131980136 and 1692?
188
Calculate the greatest common divisor of 238 and 1530442.
34
What is the highest common divisor of 1547910 and 20?
10
What is the greatest common divisor of 98870 and 2410?
10
What is the highest common factor of 229678734 and 582?
582
Calculate the highest common divisor of 3419584 and 1008.
112
Calculate the greatest common divisor of 628 and 657359.
157
Calculate the greatest common divisor of 75 and 25947.
3
What is the greatest common divisor of 18274056 and 68511?
1671
Calculate the highest common factor of 41 and 676353917.
41
Calculate the greatest common factor of 1035416 and 2784.
232
What is the highest common divisor of 388718 and 198?
22
Calculate the highest common factor of 731496 and 14964.
348
What is the highest common factor of 33377 and 19?
1
Calculate the greatest common divisor of 3124794 and 4410.
6
Calculate the greatest common factor of 103564 and 155111458.
3046
What is the greatest common factor of 1506 and 97753958?
502
Calculate the greatest common factor of 40156172 and 280.
28
Calculate the highest common factor of 8124 and 353448.
12
Calculate the highest common factor of 11 and 175845945.
11
Calculate the highest common factor of 14719 and 1231729.
359
Calculate the greatest common divisor of 455844 and 84.
12
What is the greatest common factor of 69 and 23298172?
23
Calculate the greatest common divisor of 6495979 and 74851.
259
Calculate the highest common factor of 688940000 and 490.
490
What is the highest common divisor of 97035159 and 7394?
3697
What is the highest common factor of 582 and 66347127?
291
Calculate the greatest common factor of 19 and 950126768.
19
What is the greatest common factor of 29248 and 35863532?
1828
What is the greatest common divisor of 13688810 and 1373?
1373
Calculate the highest common divisor of 123543 and 902874.
777
What is the greatest common divisor of 3177258 and 25573?
107
Calculate the highest common factor of 177910210 and 196190.
8530
Calculate the greatest common factor of 3920880 and 7860.
60
What is the highest common divisor of 555 and 86695995?
555
Calculate the highest common factor of 918 and 782694603.
459
What is the greatest common divisor of 3491775 and 122175?
675
What is the greatest common factor of 15102 and 156416448?
5034
What is the highest common factor of 268930837 and 34?
17
Calculate the highest common factor of 844 and 715427572.
844
What is the highest common factor of 2963153 and 601049?
619
Calculate the greatest common divisor of 119161799 and 2770.
277
Calculate the greatest common factor of 7518541 and 37673.
101
Calculate the highest common divisor of 207089 and 2258665.
1073
Calculate the highest common divisor of 813 and 320505.
3
What is the highest common factor of 1100 and 36450?
50
What is the highest common factor of 620613 and 315?
63
Calculate the highest common factor of 320 and 870950.
10
What is the highest common factor of 20 and 105940?
20
What is the greatest common divisor of 713144 and 1568?
8
What is the greatest common divisor of 24832 and 2412288?
256
Calculate the highest common factor of 10917780 and 173014.
5966
What is the highest common divisor of 8300238 and 2655?
177
Calculate the greatest common factor of 6995 and 3566051.
1399
What is the highest common factor of 179931 and 3242?
1621
What is the greatest common divisor of 1161 and 337975227?
1161
What is the greatest common factor of 294124025 and 650?
325
What is the highest common divisor of 7994466 and 434?
62
Calculate the highest common divisor of 11520 and 18070200.
360
What is the highest common factor of 26721752 and 3317?
3317
What is the highest common divisor of 310541 and 2133457?
4033
Calculate the highest common divisor of 392 and 984277.
7
Calculate the greatest common divisor of 31339713 and 4689.
1563
Calculate the greatest common factor of 7084 and 538552.
28
Calculate the highest common divisor of 4780175 and 10941.
521
Calculate the greatest common factor of 1292040 and 296.
296
Calculate the highest common divisor of 127075 and 2050.
25
What is the highest common factor of 140 and 2739065?
35
Calculate the greatest common factor of 246659 and 6847.
167
What is the highest common divisor of 310465 and 21235?
155
What is the greatest common factor of 60 and 593667500?
20
What is the highest common factor of 26014979 and 5804?
1451
Calculate the greatest common factor of 2992 and 32810272.
2992
Calculate the greatest common divisor of 754 and 6191732.
58
Calculate the highest common factor of 10685224 and 15370.
3074
Calculate the highest common divisor of 2949842 and 28658.
322
What is the greatest common divisor of 1156183 and 1492148?
2317
What is the greatest common divisor of 15480 and 119565?
45
What is the greatest common factor of 78 and 35910615?
39
Calculate the greatest common factor of 1870 and 3748976.
374
What is the greatest common factor of 124862391 and 4374?
2187
What is the highest common factor of 1283366 and 199906?
1526
Calculate the greatest common divisor of 80252365 and 1420.
355
What is the highest common divisor of 19895 and 2370?
5
Calculate the greatest common factor of 13878863 and 40373.
859
Calculate the highest common factor of 150 and 834090.
30
What is the greatest common factor of 17312092 and 1568?
196
Calculate the greatest common divisor of 1100463 and 9828.
273
Calculate the highest common factor of 804 and 8884.
4
Calculate the greatest common divisor of 33822 and 9778316.
3758
What is the greatest common factor of 16372672 and 16568?
872
What is the highest common divisor of 2895218673 and 201?
201
Calculate the highest common divisor of 490644 and 190098.
1062
What is the greatest common factor of 1107104693 and 47?
47
Calculate the greatest common divisor of 2732 and 1014388868.
2732
Calculate the highest common factor of 1236 and 92712.
12
Calculate the greatest common divisor of 32943 and 12927.
417
Calculate the highest common divisor of 473176 and 5776.
152
What is the greatest common factor of 24 and 36137176?
8
Calculate the greatest common factor of 5388540 and 240.
60
Calculate the highest common divisor of 12 and 9881128.
4
Calculate the greatest common divisor of 383152 and 41536.
176
What is the highest common divisor of 6521 and 281?
1
What is the greatest common factor of 28270 and 12310?
10
What is the highest common